1)/((-2)/(-6)*-3). Calculate the highest common divisor of f and 164.
41
Let z = 156 - 13. What is the greatest common factor of 13 and z?
13
Let d be 2 - -1*6 - 1. Suppose -8 = 3*n - d*n. Let q = 6 - 4. What is the highest common factor of q and n?
2
Let v be 1 - 67/((-1 - 0)*1). What is the greatest common divisor of 17 and v?
17
Let k be ((-2)/(-6))/((-5)/(-330)). What is the highest common divisor of k and 2?
2
Suppose -p = -79 - 9. What is the highest common factor of 11 and p?
11
Suppose -2*y = y - 15. Let p = 19 - y. Calculate the greatest common factor of 7 and p.
7
Suppose 1433 = 8*a - 615. Calculate the greatest common divisor of a and 32.
32
Suppose -6*s + 45 = -s. Let m(d) = d**3 + 2*d**2 - d. Let z be m(3). Suppose 0 = 4*r + 6 - z. What is the greatest common factor of r and s?
9
Let q = -140 + 284. Calculate the greatest common divisor of q and 8.
8
Let d(w) = -5*w**3 - w**2 + 3*w + 3. Suppose 5 + 11 = 2*c + 4*x, -2*x = -5*c - 20. Let j be d(c). What is the highest common divisor of j and 3?
3
Let r be -3 + 5 - (-1 + -5). Let z(y) = y**3 - 9*y**2 + 10*y + 3. Let s be z(r). Suppose 219 = 5*i + s. What is the greatest common divisor of i and 10?
10
Let q(u) = 3*u**3 - 3*u**2 + 3*u - 2. Let r be q(2). What is the highest common factor of 16 and r?
16
Suppose -198 = 3*i - 9*i. Calculate the greatest common factor of i and 9.
3
Let t(y) be the first derivative of -y**3/3 + 36*y - 1. Let c = -17 + 17. Let d be t(c). Calculate the greatest common divisor of d and 24.
12
Let j = 49 - -2. Calculate the greatest common factor of j and 17.
17
Let j(o) = 5*o**3 - o**2 + o - 1. Let x be j(1). Let q = 16 - x. Calculate the greatest common factor of q and 84.
12
Suppose -3*k + n = -34, 0*k - 2*n - 56 = -5*k. Suppose o - 2*o + k = 0. Calculate the greatest common divisor of o and 18.
6
Suppose 3*c - 4*c = 12. Let l be (0 + -3 - -2)*c. What is the highest common factor of 132 and l?
12
Suppose 5 = -4*z - n + 19, -4 = -2*z - 2*n. What is the greatest common divisor of 8 and z?
4
Suppose -i + 7 = 3. Calculate the greatest common factor of 32 and i.
4
Let h(p) = 2*p - 1. Let n be h(1). Let l = 2 + n. Suppose -l*q = -0*q - 42. Calculate the highest common factor of 7 and q.
7
Suppose l = -l + 2*j + 80, -2*j = -4*l + 170. What is the greatest common factor of l and 10?
5
Suppose -2*n + 54 + 122 = 0. Suppose -2*v + 5*q = -29, -3*v + 16 = -0*v - 2*q. Let t be (-1 - v/(-4))*-22. Calculate the highest common factor of n and t.
11
Suppose -3*f + 4*f + 5 = 0, 2*f + 13 = s. Calculate the highest common divisor of s and 3.
3
Let n be 1*1*(0 - -3). Let d be 2/2 + n - 0. What is the greatest common factor of 32 and d?
4
Let s = 16 + -13. Suppose -2*o + 9 + 63 = s*g, -2*g - 36 = -o. What is the highest common divisor of o and 12?
12
Suppose -5*t + 106 = -369. Calculate the highest common factor of t and 19.
19
Suppose -4*o + 108 + 252 = 0. Suppose 3*l = o + 63. What is the highest common divisor of 17 and l?
17
Let k = 31 + -24. Let o = 26 - 12. Calculate the greatest common divisor of o and k.
7
Let w(p) = 34*p + 8. Let y be w(6). Suppose -5*f - 32 + y = 0. Suppose 5*l - 55 + 10 = 0. Calculate the highest common factor of l and f.
9
Let h(p) = -p + 6. Let o be h(4). What is the greatest common divisor of 10 and o?
2
Let m = 169 + -59. Calculate the highest common factor of 22 and m.
22
Let j(t) = t + 1. Suppose -3*z + 2*z + 2 = 0. Suppose -2*a = -2*x - 28, -z*a + 21 = 2*a + 3*x. Let i be j(a). What is the highest common divisor of i and 80?
10
Let f(a) = 8*a**2 - 2*a - 1. Let p be f(-3). What is the highest common divisor of 7 and p?
7
Let a = -11 - -2. Let q = a - -18. Calculate the highest common divisor of q and 9.
9
Suppose 2*w - 5*w + 36 = 0. Let c(h) = -h - 5. Let n be c(-5). Suppose n = s - 26 - 70. Calculate the highest common factor of s and w.
12
Let z = 56 - 54. Calculate the highest common factor of 14 and z.
2
Let p be 0/((-2 - 0) + 4). Let x be 418/2 + p/(-4). What is the greatest common divisor of 19 and x?
19
Suppose 0 = t + 4*g - 32, -t - 2*g = 4*t - 70. Suppose 2*w = 115 + 29. Calculate the highest common divisor of w and t.
12
Let y(z) = 28*z - 4. Let h be y(5). What is the highest common divisor of h and 17?
17
Let m = -122 + 182. What is the highest common divisor of 10 and m?
10
Let w be 3 + 4 + -2 + 35. Suppose w = 7*g - 3*g. Let f(i) = -i**2 + 11*i - 2. Let a be f(g). Calculate the greatest common divisor of a and 88.
8
Let h(w) be the first derivative of 7*w**2/2 - w - 3. Let v be h(1). What is the greatest common factor of 3 and v?
3
Let m = -17 + 17. Suppose 1100 = -m*n + 5*n. Calculate the highest common factor of n and 20.
20
Let y(d) = 19*d**2 + 4*d + 2. Let k be y(4). Suppose -4*u - 122 + k = 0. Let w(c) = c + 4. Let a be w(6). Calculate the greatest common divisor of a and u.
10
Suppose -5*w + 7*w - 62 = 0. Let s(y) = 2*y**2 - 11*y + 10. Let k be s(7). Calculate the highest common divisor of k and w.
31
Let c(f) = -2*f. Let o be c(-1). Let m = o - 1. What is the greatest common factor of m and 1?
1
Let n(r) = 2*r. Let b be n(3). Suppose -3*o = -b*o + 15. Suppose -2*a - 3*a + 275 = 0. Calculate the greatest common divisor of o and a.
5
Suppose -5*x - 4*k + 44 = 0, -36 = -3*x - 2*x + 4*k. Calculate the greatest common factor of 16 and x.
8
Suppose -3*c = v + 13 - 38, 0 = 2*v + 5*c - 45. What is the greatest common factor of 40 and v?
10
Suppose 3 = 2*m - 15. Suppose -m = -a + 1. What is the greatest common divisor of 4 and a?
2
Let s(n) be the third derivative of n**6/120 - 7*n**5/60 + 5*n**4/12 - n**3 - 5*n**2. Let x be s(6). Calculate the greatest common factor of x and 18.
18
Let z = 28 + -23. Calculate the highest common divisor of 2 and z.
1
Let h be (0 + 2)*(7 + 1). What is the greatest common factor of h and 2?
2
Let o be 112/21 - 2/6. What is the greatest common divisor of o and 35?
5
Let y(i) = 3*i**2 + 2*i + 32. Let t be y(0). What is the highest common factor of 352 and t?
32
Let g(k) = 2*k + 3. Let y be g(3). Suppose -j = -7 + 3. Let f = 7 - j. Calculate the greatest common divisor of y and f.
3
Let p be 12/66 + 75/11. What is the highest common factor of p and 28?
7
Suppose 39 = 5*p + 14. Suppose -2*k - 1 = 3. Let r be (-8)/k*(12 + -2). What is the greatest common factor of p and r?
5
Let w(f) = 5*f - 11*f - 2 - 10*f. Let c be (0 + -1)/2*14. Let x be w(c). What is the highest common factor of 10 and x?
10
Let z(k) = k**2 - k + 3. Let b be 6/(-2)*(-6)/9. Suppose 0 = 4*q - b*q - 14. Let i be z(q). Calculate the highest common divisor of i and 30.
15
Suppose 3*u - 78 = -u - 2*n, -5*u + 65 = -4*n. Let m = u + -14. Calculate the greatest common divisor of 6 and m.
3
Let g be (1 + (-23)/7)*(-21)/6. What is the highest common factor of 56 and g?
8
Suppose -g + 5*m + 9 = -36, 2*m + 225 = 5*g. Calculate the highest common factor of 30 and g.
15
Suppose r = -2*r + 48. Suppose 0 = 5*n - 3*a - 157, n + n - 67 = -3*a. What is the highest common factor of r and n?
16
Let j = 34 + -14. Let b be 40/6*(15 + 3). Suppose 3*v = 4*m - b, -5*v = -m - 2*m + 90. What is the greatest common divisor of m and j?
10
Let b = 458 + -322. What is the greatest common factor of 17 and b?
17
Suppose 5*i + 7 = -8. Let v be -3 + 1 - (-7 - i). Calculate the greatest common factor of 6 and v.
2
Suppose o + 4*c = 22 + 68, -25 = -5*c. What is the highest common factor of 28 and o?
14
Suppose -6*j + 2*j = 0. Suppose j = -h - 4*h + 70. Suppose -4*u + 244 = -5*m, -161 = -5*u + m + 123. Calculate the highest common divisor of u and h.
14
Suppose u - 5*c + 145 = 6*u, -c = -4*u + 111. Calculate the greatest common divisor of u and 224.
28
Let u(q) = 7*q. Let a be u(7). Suppose -2*r = 3*v - 167 - a, -59 = -v - 5*r. Let b be v/6 - 2/(-3). Calculate the greatest common factor of 65 and b.
13
Let o(n) = n**2 + n - 3. Let w be o(0). Let z = w - -3. Suppose z = f - 32 - 34. What is the greatest common factor of 6 and f?
6
Suppose 5*y - 229 - 21 = 0. Let c(v) = 39*v - 3. Let l be c(2). Suppose -5*p + l = 5*h, 4*h - 20 = p - 3*p. What is the highest common divisor of p and y?
10
Let k(r) be the first derivative of 9*r**2/2 - 2*r + 3. Let t be k(2). Calculate the highest common divisor of 40 and t.
8
Suppose -d + 4*w + 20 + 8 = 0, -5*d + 140 = -w. What is the highest 